e factors of b?
2, 7
Let d(b) = -b**2 - 10*b - 3. Let h be d(-10). List the prime factors of 537/24 - h/(-8).
2, 11
Let p = -262 + 174. Let c = 181 + p. Suppose 5*i - 4*n = c, -4*i - 2*n + 35 = -29. What are the prime factors of i?
17
Let x(w) = 6 - 2*w**2 + 0 - 4 - 6 + 14*w. Suppose 4 = d - 2. List the prime factors of x(d).
2
Let a(l) = 96*l - 55. List the prime factors of a(7).
617
List the prime factors of 16551/6*(6 - 450/81).
2, 613
Let d(r) = -r**3 + 6*r**2 + 7*r + 8. Let q be d(7). Let l = q + -6. Let n(s) = 4*s**2 + s - 1. List the prime factors of n(l).
17
Suppose 3*v = -2*o + 5472, -5*o = 4*v - 2*v - 3659. List the prime factors of v.
2, 911
Let b = 2497 + -1388. What are the prime factors of b?
1109
Suppose 8*n = -2*a + 9*n + 429, 4*n + 420 = 2*a. What are the prime factors of a?
2, 3
Let s(h) = -h - 7. Let z be s(-10). Let a(i) = 4*i**2 + 4. What are the prime factors of a(z)?
2, 5
Let b be (-100)/(-75)*159/(-2). Let a = -40 - b. What are the prime factors of a?
2, 3, 11
Let w(h) = -6*h + 68. Let d be w(11). Suppose d*r = c + 167, -c + 2*c - 253 = -3*r. What are the prime factors of r?
2, 3, 7
What are the prime factors of (0 + 1)*-3*1 + 201?
2, 3, 11
Let u(m) = 5*m**2 + m - 1. Let z be u(1). Suppose -29 = -0*t - t + z*o, 11 = t + o. List the prime factors of t.
2, 7
List the prime factors of 18/(-63)*-14 - -998.
2, 3, 167
Suppose -2 = -4*y + 22. Suppose y*u - 8*u = -50. Suppose -4*w - 4*q + 73 = -15, w - 2*q - u = 0. What are the prime factors of w?
23
Let q = 19 - 10. Let b be 3 + (-56)/24 - 1/(-3). Suppose f - b = q. What are the prime factors of f?
2, 5
Suppose -25*t - 7267 + 24442 = 0. List the prime factors of t.
3, 229
Let g(k) = -2*k**3 - 20*k**2 - 29*k - 62. List the prime factors of g(-14).
2, 239
Let j(z) = -39 + 9 - 11 - 33*z + 8*z. What are the prime factors of j(-9)?
2, 23
Let q = 3011 + -357. List the prime factors of q.
2, 1327
Suppose a + 2795 = -2408. What are the prime factors of a/(-55) + (-6)/10?
2, 47
Let o = 7720 + -4372. List the prime factors of o.
2, 3, 31
Let c(l) = 3 - 8 + l + 3 + 4. Let x be c(0). Suppose -9 = 3*h, -5*y - x*h = -y - 178. List the prime factors of y.
2, 23
Let j be ((-66)/4)/((-15)/6 - -2). Suppose -260 = -j*w + 28*w. What are the prime factors of w?
2, 13
List the prime factors of (-2 + -1)/((-6)/4594).
2297
Let q(b) = b + 9. Let p be q(5). Suppose -12*f = -13*f + p. Let s = 1 + f. What are the prime factors of s?
3, 5
Let p be (-6)/(-12) - (-25)/(-2). Let g = -9 - p. List the prime factors of 148/8 + g/(-6).
2, 3
Let b(u) = -u**2 + 121*u - 102. What are the prime factors of b(41)?
2, 7, 227
Suppose -4*a = 5*h - 650, 3*a + a - 2*h - 664 = 0. List the prime factors of a.
3, 5, 11
Suppose 0 = -c + 23 + 7. Suppose 37 = 3*m + u, -4*m + 32 + c = -5*u. Suppose -m*q - 159 = -16*q. What are the prime factors of q?
53
Let r(s) = s**2 + 6*s - 21. Let o be r(-9). Suppose 0 = o*u - 9*u + 420. Suppose -u = -0*q - 4*q. What are the prime factors of q?
5, 7
Let h = 2617 - 957. List the prime factors of h.
2, 5, 83
Let t(k) = -340*k**3 + 2*k**2 + 4*k + 11. What are the prime factors of t(-2)?
2731
Let h = -14 - -18. Suppose 0 = -5*b + 2*t + 156, h*t + 132 = 4*b - 0*t. Suppose 46 + b = 4*r. What are the prime factors of r?
19
Suppose 3*d + 5*m + 9 = 0, 4*d = 2*m - 0*m + 14. Suppose -d*u - 9 = -u. Let j = u + 12. What are the prime factors of j?
3
Let p(c) = -c**3 + 11*c**2 - 7*c + 4. Let m(l) = -3*l + 2. Let n be m(-6). Suppose n = t + t. What are the prime factors of p(t)?
2, 17
Let v = 3 + -2. Let c be 0 - 1 - (v - 4). Suppose -32 = -5*z - c*l, -l + 0 + 1 = 0. List the prime factors of z.
2, 3
Let v = -174 - -260. Suppose v = 5*a + 11. Let o = a - -8. List the prime factors of o.
23
Suppose -23*r + 36361 - 2505 = 0. List the prime factors of r.
2, 23
Let l(v) = v**3 + 5*v**2 - 10*v - 7. Suppose 6*h - 10 = h, -r + 3*h = 40. Let c be r/6 - (-4)/(-12). What are the prime factors of l(c)?
17
Let o(q) = -q**2 - 5*q + 6. Let c be o(-6). Let v(k) = -k**3 + k**2 - k + 3. Let m be v(c). Suppose -60 + 18 = -m*h. What are the prime factors of h?
2, 7
Suppose 0 = 2*d - 6*d. Let v be (d + -4 + 3)*-3. Suppose 3*y - 4*a = y + 58, -82 = -v*y + 5*a. What are the prime factors of y?
19
Let h(a) = -a**2 - 11*a - 6. Let p be h(-5). Suppose -504 = -5*l - p. Suppose -w = -5*w + l. What are the prime factors of w?
2, 3
Let p = -25 - -34. Let j(s) = -s**3 + 11*s**2 - 15*s + 6. List the prime factors of j(p).
3, 11
Let w(f) = 50*f - 38. What are the prime factors of w(3)?
2, 7
Let n(h) = -4*h**2 - 5*h - 17. Let s(z) = -4*z**2 - 4*z - 17. Let i(a) = -4*n(a) + 3*s(a). Let r be i(-5). Let d = r + -41. What are the prime factors of d?
2, 3
Let f(t) = 2*t - 6. Let m be f(4). Let z(b) = 3*b**3 + 2 - 2*b + 1 + b**3 - b**3 - b**2. What are the prime factors of z(m)?
19
Let u = 9 + -2. Let t(x) = -u*x - 5*x + 8*x - 5. What are the prime factors of t(-7)?
23
Let i(f) = 2*f**2 - 13*f + 31. What are the prime factors of i(15)?
2, 11, 13
Let c(y) = 397*y**2 + 15*y - 12. What are the prime factors of c(3)?
2, 3, 601
Suppose 62*q - 12*q = 95450. List the prime factors of q.
23, 83
Suppose 3*q - 829 = 5*j, 0 = 4*q + 4*j - j - 1144. Let c = q + -154. List the prime factors of c.
3, 43
Let g(y) = 3*y - 9. Let d(r) = r + 11. Let s be d(-4). Let n be g(s). List the prime factors of -2 - 0 - (n + -40).
2, 13
Let g be (-7)/(-9) - 3/(-27)*2. Suppose -5*o + 29 = -g. List the prime factors of o.
2, 3
Let r be 4/20 - (-1838)/10. Let n = 355 - r. What are the prime factors of n?
3, 19
Let j = -178 + 368. What are the prime factors of j?
2, 5, 19
Let h(c) = -c**2 + 7*c + 10. Let g be h(8). List the prime factors of (530/(-40))/(g/(-40)).
5, 53
Let j be 3*32*(-2)/6. Let a = j - -56. What are the prime factors of a?
2, 3
Suppose 0 = 4*k - 12 - 12. Let u be 86/18 - k/(-27). What are the prime factors of (u/(-20))/((-1)/44)?
11
Let o be (-6*(-4)/(-8))/1. Let d(g) = 2*g**2 + 5*g - 1. Let j be d(o). Suppose 0*w = j*w - 5*s - 63, 2*s + 6 = 0. List the prime factors of w.
2, 3
What are the prime factors of 3*((-44)/198 - 677/(-9))?
3, 5
Suppose -s - 49 = -2*s. Suppose -s = -3*f + 23. Suppose 5*d + f = 154. What are the prime factors of d?
2, 13
Let r = -111 + 113. Suppose p - 208 = 4*q, r*p + 3*q - 440 = 5*q. List the prime factors of p.
2, 7
Let m be 1/((-3 + 5)/10). Suppose -m*r + r - 2*t = -6, -9 = 2*r - 3*t. Suppose -6*y + 290 - 20 = r. What are the prime factors of y?
3, 5
Let u = -13 + 10. Let a(s) = 3*s**2 + 5*s + 2. Let r be a(u). What are the prime factors of r + 9/3 - 2?
3, 5
Let v = 519 - 104. What are the prime factors of v?
5, 83
Let y(z) = z - 3. Let u be y(-12). Let c(l) = -15*l - 31. List the prime factors of c(u).
2, 97
Let b = 721 + -295. What are the prime factors of b?
2, 3, 71
Let n(y) = 0*y**2 - 4*y - y**2 - 3 - y. Let k be n(-5). List the prime factors of (9/(-4))/k*4.
3
Suppose -145 = x - 173. List the prime factors of x.
2, 7
Let z(h) = 3*h + 45. Let j be z(-15). Suppose -43*g + 41*g + 242 = j. What are the prime factors of g?
11
Suppose 0*f + 140 = -5*f. Let i = f - -74. What are the prime factors of i?
2, 23
Let x(j) = -55*j + 356. What are the prime factors of x(-15)?
1181
Let a(d) = -d**3 - 12*d**2 - 5*d - 5. Let v be (-12)/((-5)/(-8 + 3)). List the prime factors of a(v).
5, 11
Let p(t) = 17*t - 7. Let x(o) = 50*o - 20. Let u(w) = 17*p(w) - 6*x(w). List the prime factors of u(-2).
23
Let g = -1529 + 2839. List the prime factors of g.
2, 5, 131
Let r(v) = 26*v**2 + 35*v - 5. What are the prime factors of r(-6)?
7, 103
Let w be 1/(-1) + -4 + -1. Suppose 5*l = 20 + 40. Let u = w + l. List the prime factors of u.
2, 3
Suppose 42*w - 165180 = -18*w. What are the prime factors of w?
2753
What are the prime factors of 9 - 354/42 - 29266/(-14)?
3, 17, 41
Let z = -6 + -1. Let i = z + 13. Let m(q) = q**3 - 6*q**2 + 6*q - 5. List the prime factors of m(i).
31
Suppose -50*f - 9140 = -3*j - 52*f, -9143 = -3*j - 5*f. List the prime factors of j.
2, 1523
Suppose 2431*o - 2429*o = 846. List the prime factors of o.
3, 47
Suppose 3*o - 23 = 4*d, -5*o + 5*d + 12 = -18. What are the prime factors of (o - 1/1) + 18 + 10?
2, 7
Suppose 3*f = 6*f. Let a(z) = -z**3 - z**2 + 2*z + 334. Let h be a(f). Suppose 5*b + 4*g - g - h = 0, -5*g + 275 = 4*b. Wha